Let v be w(u). What are the prime factors of (-14)/35 + v/(-15)?
2, 5
Let v(k) be the third derivative of k**5/60 - k**4/2 - 5*k**3/3 - 191*k**2 - 2*k. Suppose 3*s + 19 = -8. List the prime factors of v(s).
179
Suppose 8*o + 49*o - 657837 = 0. What are the prime factors of o?
3, 3847
Let y be 0 + 2 + (7 - 7). Suppose 0 = 4*m + 16, -2*u + u = -y*m - 209. Suppose 3*b - 296 = -4*j, 0 = 3*j - 6*j + 3*b + u. What are the prime factors of j?
71
Let h be 8/(7553/(-1078) - -7). List the prime factors of (1 - h) + -7 + 8.
2, 617
Suppose 88*h + 38264 = 4259976. What are the prime factors of h?
2, 17, 83
Let u = 126474 + -223018. List the prime factors of u/(-64) - 2/(4/(-3)).
2, 5, 151
Suppose 121710 = 5*m - t, 54638 + 18366 = 3*m - 5*t. What are the prime factors of m?
11, 2213
Let s = 15581 + -5501. List the prime factors of s.
2, 3, 5, 7
Suppose 1 = -x + 3. Let w(a) = -a**2 + 11*a - 19. Let m be w(8). Suppose m*g + p - 82 = 324, -x*g + 2*p + 172 = 0. What are the prime factors of g?
2, 41
Suppose -39*f = -35*f - 80. Let i be -1*f*3*-3. Suppose -i - 260 = -4*b. List the prime factors of b.
2, 5, 11
Let w(i) = -17*i - 3. Let u(c) be the first derivative of -c**2/2 + 6*c - 15. Let j be u(9). What are the prime factors of w(j)?
2, 3
Let i be (-16)/(-9) - (-10)/45. Suppose -10 = -5*v, 0 = 4*f + i*v - 13 - 39. List the prime factors of f.
2, 3
Let g(n) = 10425*n - 699. List the prime factors of g(3).
2, 3, 7, 13
Suppose -2*v = 4*k - 7*v - 16378, 4096 = k - v. List the prime factors of k.
2, 7, 293
Let x(t) = 9*t + 176. Let b be x(-41). Let z = 355 - b. What are the prime factors of z?
2, 137
Let a(m) = -3*m**2 + 2*m + 2*m**3 - 11*m**2 - 4*m**2 - 18. Let v be a(9). Suppose -3*o - h + 5*h + 478 = v, -5*o + 835 = h. What are the prime factors of o?
2, 83
Let v = -7440 - -7796. List the prime factors of v.
2, 89
Suppose -4*j + 8 = 0, 5*m - 5*j + 3662 = 59862. What are the prime factors of m?
2, 7, 11, 73
Let r(q) be the first derivative of q**3/3 + 2*q**2 - 29*q + 19. Let c be r(0). Let v = c - -112. List the prime factors of v.
83
Let v = -100 + 103. Let f be 1/v + (-10676)/51. What are the prime factors of 4/22 + (-11039)/f?
53
Suppose 4*p + 3*r = 50141, 34*p + 4*r - 50144 = 30*p. List the prime factors of p.
83, 151
Let k = 21319 - 11699. What are the prime factors of k?
2, 5, 13, 37
Let q(g) = 6*g**2 + 645. Let m be q(0). Suppose 18*l - m = 13*l. List the prime factors of l.
3, 43
Let a(l) = -4*l**3 - 2*l**2 - 6*l + 1. Let v be a(-5). Let p = v - -998. List the prime factors of p.
3, 17, 29
Let f = 1637 - -4166. List the prime factors of f.
7, 829
Let z(a) = -5*a**3 + 9*a**2 - 40*a - 422. What are the prime factors of z(-23)?
2, 7, 4721
Let h(j) = 12*j + 15*j - 58 + 88*j. List the prime factors of h(3).
7, 41
Let g = -7316 + 8322. What are the prime factors of g?
2, 503
Let y = -126 - -161. Suppose -y*p + 1835 = -30*p. List the prime factors of p.
367
Let b be (5 - 25/4)*4. Let g be 7/1 + -1 + 0. Let r = g - b. List the prime factors of r.
11
Suppose -19*g = -3842 - 1345. Suppose -g*o + 267*o = -2496. List the prime factors of o.
2, 13
Let i be ((-2)/3)/(6*2/(-2682)). Suppose 2*x - 190 = 3*o - o, 3*x - 2*o - 283 = 0. Let b = i - x. List the prime factors of b.
2, 7
Let b(d) = d**3 + 17*d**2 + 12*d - 7. Let a(c) = c**3 + 20*c**2 - 44*c - 13. Let n be a(-22). What are the prime factors of b(n)?
3, 19
Suppose -2*v = -5*q + 44, 38*q + 2*v - 26 = 36*q. Suppose -q*s - 11940 = -20*s. List the prime factors of s.
2, 3, 199
Let y = 7129 - -3058. What are the prime factors of y?
61, 167
Suppose 0*r = -3*r + 12. Suppose 6*c = 3*c + r*h + 457, -4*h + 318 = 2*c. List the prime factors of c.
5, 31
Let w be (-2)/(-8) + (-219)/(-4). Suppose -37*q + 19*q = 918. Let d = w - q. What are the prime factors of d?
2, 53
Let t = 163 - 229. Let z be t/(-4)*((-40)/(-12) - 4). Let w(j) = 2*j**2 + 11*j - 2. List the prime factors of w(z).
7, 17
List the prime factors of (-5 - 404/(-80)) + (-47297366)/(-680).
3, 5, 4637
Let j(o) be the second derivative of 5*o**3/6 - 11*o**2/2 + 15*o. Let v be j(3). Suppose 228 = 3*u - 5*a + 2*a, 3*u + v*a = 193. List the prime factors of u.
71
Suppose -9*z - 9*z - 37548 = 0. What are the prime factors of (4/6)/(-5 + z/(-417))?
2, 139
What are the prime factors of (-42984)/48*(17/(-3) - (-1 - -4))?
3, 13, 199
Suppose 159674 - 191148 = 77*o - 565084. List the prime factors of o.
2, 3, 5, 7, 11
Let x(i) = 2254*i**3 - i + 1. What are the prime factors of x(1)?
2, 7, 23
Suppose 2*c + c + 1585 = a, -3*c + 6 = 0. What are the prime factors of a?
37, 43
Suppose 399 = 17*y + 59. Let c(a) = 21*a**2 - 3*a**2 - 1 + y*a**3 - a + 17*a**3 - 15*a**2. List the prime factors of c(1).
2, 19
Suppose 0 = 5*c + 3*r - 7*r - 414, 0 = -c - 2*r + 80. Let s = 148 - c. What are the prime factors of s?
2, 3, 11
Suppose 167*k - 120*k - 128*k = -299619. List the prime factors of k.
3, 137
Suppose 6414 = -0*q + 6*q. Let c = -670 + q. List the prime factors of c.
3, 7, 19
Suppose 3*n = -3*b + 4140, 0 = -4*n + 2*b + 7106 - 1604. Suppose -n + 5 = -4*a. What are the prime factors of a?
7
Let q(z) be the first derivative of -3*z**4/4 - 3*z**3 - 7*z**2 - 11*z - 103. List the prime factors of q(-5).
11, 19
Let t(r) = r**2 + 11*r - 9. Let d be t(-14). Suppose -24*w + d*w - 18486 = 0. What are the prime factors of w?
2, 13, 79
Let x = 82 - 76. Let f(n) = n**3 - 6*n**2 + 4*n - 9. Let o be f(x). Suppose -o = 5*h, 3*u - 2*h + 3*h = 348. What are the prime factors of u?
3, 13
What are the prime factors of 8340 + 12/(-3) - ((-20 - -7) + 15)?
2, 3, 463
Let l = -53038 + 101174. What are the prime factors of l?
2, 11, 547
List the prime factors of ((-15684)/(-60) - 18)/((-1)/(-5)).
1217
Let b(d) = -32*d**3 + 3*d**2 - 35*d - 200. List the prime factors of b(-5).
2, 3, 5
Let g = 17200 - 10601. What are the prime factors of g?
6599
Suppose -3*y = -2*a - 6, 3*a - 4*y = 4*a - 19. Suppose a*v + 539 = 7*v - 5*u, 0 = -3*v + u + 396. Let q = 283 - v. What are the prime factors of q?
2, 19
Let s = -3252 - -2227. Let q = 431 - s. List the prime factors of q.
2, 7, 13
Suppose 3*u - 6987 = -y + 504, -9998 = -4*u + 2*y. Let k = u + -1152. What are the prime factors of k?
2, 673
What are the prime factors of (1865/(-4))/((-6)/24)?
5, 373
Let j(l) = -l**3 + 19*l**2 + 24*l - 11. Let k = -164 - -269. Suppose -5*w - 5 = -k. What are the prime factors of j(w)?
3, 23
Let w(v) = -180*v - 2318. Let y be w(-13). Suppose 3*b - 118 = -5*j, 3*b + 23 = 4*j - 66. Suppose -y*p = -j*p + 107. List the prime factors of p.
107
Let h(s) = -s**3 + 12*s**2 - 20*s + 9. Let m be h(10). Suppose -3*w - m = 0, 4*w = -f + 85 + 44. What are the prime factors of f?
3, 47
Let u(x) be the third derivative of -x**6/120 + x**5/60 + x**4/3 + 16*x**3/3 + 188*x**2. List the prime factors of u(-9).
2, 5, 7, 11
Suppose 4*d = -7*w + 46202, -5*w - 4*d + 33001 = -d. List the prime factors of w.
2, 3301
Suppose 8*h - 107514 = -19*h. Suppose -72*a = -61*a - h. What are the prime factors of a?
2, 181
Let i be 3/(-6) + 1986/4. Let s = 923 - i. List the prime factors of s.
7, 61
Let p = -782 + 797. Let j be (82 - -1)/(-2 - -1). What are the prime factors of (p + -14)/((-1)/j)?
83
Let b(t) = -679*t**3 + 4*t**2 - 19*t - 166. List the prime factors of b(-5).
2, 10613
Suppose 54*s = 57*s - 105. Let b = s + 35. List the prime factors of b.
2, 5, 7
Let r(i) = i**3 - 13*i**2 - 15*i + 18. Let x be r(14). List the prime factors of (-133700)/105*(-3)/x.
5, 191
Let g(m) = -58*m**3 - m**2 + 16*m + 2. What are the prime factors of g(-9)?
137, 307
Let r be (-10 + 13)/(-1 - 2). List the prime factors of (-4)/12*2973/r.
991
Suppose -w = 5*l - 18025, 18*w + 36057 = 20*w + 3*l. What are the prime factors of w?
2, 3, 5, 601
Let n be (-3 - -23)/(-5) + 1*77. Let h = n + -65. Suppose -h*a + 11*a = 129. List the prime factors of a.
43
Let q(s) = 6*s**2 + 6 + 4*s**2 - s**2 + 0*s**2 - 2*s + s**3. Let a be q(-8). Let d = a - 82. What are the prime factors of d?
2
Let o(n) = 43*n + 5. Let z be o(1). Let w = z + -65. List the prime factors of w - -14 - (90/(-2) + -1).
43
Let d be 0*((-9 - -3) + 7). Suppose d = -t + 5*x + 722, 4*t - 7*x = -3*x + 2840. List the prime factors of t.
7, 101
Let d = -45 - -43. Let j(n) = 4*n**2 - 9*n. What are the prime factors of j(d)?
2, 17
Let o = 959